Dec 01 16:31:37.268 INFO testing gnmerritt/diesel-explosion against master#8940af3cea4a9a9deabcaf843b2f8cad9a83fc61 for beta-1.31-5
Dec 01 16:31:37.268 INFO running `"docker" "create" "-v" "/mnt/big/crater/work/local/target-dirs/beta-1.31-5/worker-5/master#8940af3cea4a9a9deabcaf843b2f8cad9a83fc61:/target:rw,Z" "-v" "/mnt/big/crater/work/local/test-source/worker-5/beta-1.31-5/master#8940af3cea4a9a9deabcaf843b2f8cad9a83fc61:/source:ro,Z" "-v" "/mnt/big/crater/work/local/cargo-home:/cargo-home:ro,Z" "-v" "/mnt/big/crater/work/local/rustup-home:/rustup-home:ro,Z" "-e" "USER_ID=1000" "-e" "SOURCE_DIR=/source" "-e" "USER_ID=1000" "-e" "CMD=cargo +8940af3cea4a9a9deabcaf843b2f8cad9a83fc61-alt build --frozen" "-e" "CARGO_TARGET_DIR=/target" "-e" "CARGO_INCREMENTAL=0" "-e" "RUST_BACKTRACE=full" "-e" "RUSTFLAGS=--cap-lints=warn" "-e" "CARGO_HOME=/cargo-home" "-e" "RUSTUP_HOME=/rustup-home" "-m" "1536M" "--network" "none" "crater"`
Dec 01 16:31:37.666 INFO [stdout] e5ca24d29d69c9a732ec3ed712f960a99aeec5be7a63746e64471127ad33762f
Dec 01 16:31:37.675 INFO running `"docker" "start" "-a" "e5ca24d29d69c9a732ec3ed712f960a99aeec5be7a63746e64471127ad33762f"`
Dec 01 16:31:38.959 INFO [stderr] usermod: no changes
Dec 01 16:31:39.374 INFO [stderr]    Compiling rocket_contrib_codegen v0.4.0-rc.1
Dec 01 16:31:39.431 INFO [stderr]    Compiling pear_codegen v0.1.0
Dec 01 16:31:39.431 INFO [stderr]    Compiling rocket_codegen v0.4.0-rc.1
Dec 01 16:31:39.431 INFO [stderr]    Compiling rocket v0.4.0-rc.1
Dec 01 16:31:39.431 INFO [stderr]    Compiling quote v0.6.9
Dec 01 16:31:39.431 INFO [stderr]    Compiling ring v0.13.2
Dec 01 16:31:39.431 INFO [stderr]    Compiling regex v1.0.5
Dec 01 16:31:39.431 INFO [stderr]    Compiling diesel v1.3.3
Dec 01 16:31:40.011 INFO [stderr] error: failed to run custom build command for `rocket v0.4.0-rc.1`
Dec 01 16:31:40.011 INFO [stderr] process didn't exit successfully: `/target/debug/build/rocket-fd1bd1a0b042446b/build-script-build` (exit code: 101)
Dec 01 16:31:40.011 INFO [stderr] --- stderr
Dec 01 16:31:40.011 INFO [stderr] [1;31mError:[0m [37mRocket requires a nightly or dev version of Rust.[0m
Dec 01 16:31:40.011 INFO [stderr] [37mInstalled version is:[0m [33m1.31.0-beta.20 (2018-11-30)[0m. [37mMinimum required:[0m [33m1.31.0-nightly (2018-10-05)[0m.
Dec 01 16:31:40.011 INFO [stderr] [34mSee the getting started guide ([0m[37mhttps://rocket.rs/v0.4/guide/getting-started/[0m[34m) for more information.[0m
Dec 01 16:31:40.011 INFO [stderr] thread 'main' panicked at 'Aborting compilation due to incompatible compiler.', /cargo-home/registry/src/github.com-1ecc6299db9ec823/rocket-0.4.0-rc.1/build.rs:38:13
Dec 01 16:31:40.011 INFO [stderr] stack backtrace:
Dec 01 16:31:40.011 INFO [stderr]    0:     0x562fd5e8c4bf - std::sys::unix::backtrace::tracing::imp::unwind_backtrace::h3a8b83e1922cbdde
Dec 01 16:31:40.011 INFO [stderr]                                at libstd/sys/unix/backtrace/tracing/gcc_s.rs:49
Dec 01 16:31:40.011 INFO [stderr]    1:     0x562fd5e97e97 - std::sys_common::backtrace::print::h00d3155a29b4020f
Dec 01 16:31:40.011 INFO [stderr]                                at libstd/sys_common/backtrace.rs:71
Dec 01 16:31:40.011 INFO [stderr]                                at libstd/sys_common/backtrace.rs:59
Dec 01 16:31:40.011 INFO [stderr]    2:     0x562fd5e90d5f - std::panicking::default_hook::{{closure}}::hd7465c742e79e1bb
Dec 01 16:31:40.011 INFO [stderr]                                at libstd/panicking.rs:211
Dec 01 16:31:40.011 INFO [stderr]    3:     0x562fd5e90ac4 - std::panicking::default_hook::h9e3966f2aa2a6e12
Dec 01 16:31:40.011 INFO [stderr]                                at libstd/panicking.rs:227
Dec 01 16:31:40.011 INFO [stderr]    4:     0x562fd5e9138e - std::panicking::rust_panic_with_hook::h587f091ae747d080
Dec 01 16:31:40.011 INFO [stderr]                                at libstd/panicking.rs:476
Dec 01 16:31:40.011 INFO [stderr]    5:     0x562fd5e62ef3 - std::panicking::begin_panic::hc20d482f5ff8e064
Dec 01 16:31:40.011 INFO [stderr]                                at libstd/panicking.rs:410
Dec 01 16:31:40.011 INFO [stderr]    6:     0x562fd5e60fb5 - build_script_build::main::hccb12ee5c437e988
Dec 01 16:31:40.011 INFO [stderr]                                at /cargo-home/registry/src/github.com-1ecc6299db9ec823/rocket-0.4.0-rc.1/build.rs:38
Dec 01 16:31:40.011 INFO [stderr]    7:     0x562fd5e637df - std::rt::lang_start::{{closure}}::hd9ef161f486ad1ce
Dec 01 16:31:40.011 INFO [stderr]                                at libstd/rt.rs:74
Dec 01 16:31:40.011 INFO [stderr]    8:     0x562fd5e90e02 - std::panicking::try::do_call::h52e7f80ff0fdcc45
Dec 01 16:31:40.011 INFO [stderr]                                at libstd/rt.rs:59
Dec 01 16:31:40.011 INFO [stderr]                                at libstd/panicking.rs:310
Dec 01 16:31:40.011 INFO [stderr]    9:     0x562fd5ea2e49 - __rust_maybe_catch_panic
Dec 01 16:31:40.011 INFO [stderr]                                at libpanic_unwind/lib.rs:102
Dec 01 16:31:40.011 INFO [stderr]   10:     0x562fd5e80b1a - std::rt::lang_start_internal::h38cae898de7f805c
Dec 01 16:31:40.011 INFO [stderr]                                at libstd/panicking.rs:289
Dec 01 16:31:40.011 INFO [stderr]                                at libstd/panic.rs:392
Dec 01 16:31:40.011 INFO [stderr]                                at libstd/rt.rs:58
Dec 01 16:31:40.011 INFO [stderr]   11:     0x562fd5e637b8 - std::rt::lang_start::h603d5443949cafa2
Dec 01 16:31:40.011 INFO [stderr]                                at libstd/rt.rs:74
Dec 01 16:31:40.011 INFO [stderr]   12:     0x562fd5e61e89 - main
Dec 01 16:31:40.011 INFO [stderr]   13:     0x7f4fda51582f - __libc_start_main
Dec 01 16:31:40.011 INFO [stderr]   14:     0x562fd5e60658 - _start
Dec 01 16:31:40.011 INFO [stderr]   15:                0x0 - <unknown>
Dec 01 16:31:40.011 INFO [stderr] 
Dec 01 16:31:40.011 INFO [stderr] warning: build failed, waiting for other jobs to finish...
Dec 01 16:31:40.083 INFO [stderr] error: failed to run custom build command for `rocket_codegen v0.4.0-rc.1`
Dec 01 16:31:40.083 INFO [stderr] process didn't exit successfully: `/target/debug/build/rocket_codegen-ca8e9f57aa790eda/build-script-build` (exit code: 101)
Dec 01 16:31:40.083 INFO [stderr] --- stderr
Dec 01 16:31:40.083 INFO [stderr] [1;31mError:[0m [37mRocket requires a nightly or dev version of Rust.[0m
Dec 01 16:31:40.083 INFO [stderr] [37mInstalled version is:[0m [33m1.31.0-beta.20 (2018-11-30)[0m. [37mMinimum required:[0m [33m1.31.0-nightly (2018-10-05)[0m.
Dec 01 16:31:40.083 INFO [stderr] [34mSee the getting started guide ([0m[37mhttps://rocket.rs/v0.4/guide/getting-started/[0m[34m) for more information.[0m
Dec 01 16:31:40.083 INFO [stderr] thread 'main' panicked at 'Aborting compilation due to incompatible compiler.', /cargo-home/registry/src/github.com-1ecc6299db9ec823/rocket_codegen-0.4.0-rc.1/build.rs:38:13
Dec 01 16:31:40.084 INFO [stderr] stack backtrace:
Dec 01 16:31:40.084 INFO [stderr]    0:     0x5597ce7924bf - std::sys::unix::backtrace::tracing::imp::unwind_backtrace::h3a8b83e1922cbdde
Dec 01 16:31:40.084 INFO [stderr]                                at libstd/sys/unix/backtrace/tracing/gcc_s.rs:49
Dec 01 16:31:40.084 INFO [stderr]    1:     0x5597ce79de97 - std::sys_common::backtrace::print::h00d3155a29b4020f
Dec 01 16:31:40.084 INFO [stderr]                                at libstd/sys_common/backtrace.rs:71
Dec 01 16:31:40.084 INFO [stderr]                                at libstd/sys_common/backtrace.rs:59
Dec 01 16:31:40.084 INFO [stderr]    2:     0x5597ce796d5f - std::panicking::default_hook::{{closure}}::hd7465c742e79e1bb
Dec 01 16:31:40.084 INFO [stderr]                                at libstd/panicking.rs:211
Dec 01 16:31:40.084 INFO [stderr]    3:     0x5597ce796ac4 - std::panicking::default_hook::h9e3966f2aa2a6e12
Dec 01 16:31:40.084 INFO [stderr]                                at libstd/panicking.rs:227
Dec 01 16:31:40.084 INFO [stderr]    4:     0x5597ce79738e - std::panicking::rust_panic_with_hook::h587f091ae747d080
Dec 01 16:31:40.084 INFO [stderr]                                at libstd/panicking.rs:476
Dec 01 16:31:40.084 INFO [stderr]    5:     0x5597ce768ef3 - std::panicking::begin_panic::h57ae6fabc0b1d81f
Dec 01 16:31:40.084 INFO [stderr]                                at libstd/panicking.rs:410
Dec 01 16:31:40.084 INFO [stderr]    6:     0x5597ce766fb5 - build_script_build::main::hecc7a2344a5bee9f
Dec 01 16:31:40.084 INFO [stderr]                                at /cargo-home/registry/src/github.com-1ecc6299db9ec823/rocket_codegen-0.4.0-rc.1/build.rs:38
Dec 01 16:31:40.084 INFO [stderr]    7:     0x5597ce7697df - std::rt::lang_start::{{closure}}::h3acb9c6a1f440df0
Dec 01 16:31:40.084 INFO [stderr]                                at libstd/rt.rs:74
Dec 01 16:31:40.084 INFO [stderr]    8:     0x5597ce796e02 - std::panicking::try::do_call::h52e7f80ff0fdcc45
Dec 01 16:31:40.084 INFO [stderr]                                at libstd/rt.rs:59
Dec 01 16:31:40.084 INFO [stderr]                                at libstd/panicking.rs:310
Dec 01 16:31:40.084 INFO [stderr]    9:     0x5597ce7a8e49 - __rust_maybe_catch_panic
Dec 01 16:31:40.084 INFO [stderr]                                at libpanic_unwind/lib.rs:102
Dec 01 16:31:40.084 INFO [stderr]   10:     0x5597ce786b1a - std::rt::lang_start_internal::h38cae898de7f805c
Dec 01 16:31:40.084 INFO [stderr]                                at libstd/panicking.rs:289
Dec 01 16:31:40.084 INFO [stderr]                                at libstd/panic.rs:392
Dec 01 16:31:40.084 INFO [stderr]                                at libstd/rt.rs:58
Dec 01 16:31:40.084 INFO [stderr]   11:     0x5597ce7697b8 - std::rt::lang_start::hcc07bb0c4bac204a
Dec 01 16:31:40.084 INFO [stderr]                                at libstd/rt.rs:74
Dec 01 16:31:40.084 INFO [stderr]   12:     0x5597ce767e89 - main
Dec 01 16:31:40.084 INFO [stderr]   13:     0x7f0ccc01482f - __libc_start_main
Dec 01 16:31:40.084 INFO [stderr]   14:     0x5597ce766658 - _start
Dec 01 16:31:40.084 INFO [stderr]   15:                0x0 - <unknown>
Dec 01 16:31:40.084 INFO [stderr] 
Dec 01 16:31:40.084 INFO [stderr] warning: build failed, waiting for other jobs to finish...
Dec 01 16:31:40.115 INFO [stderr] error: failed to run custom build command for `pear_codegen v0.1.0`
Dec 01 16:31:40.115 INFO [stderr] process didn't exit successfully: `/target/debug/build/pear_codegen-bd368338e8a8988c/build-script-build` (exit code: 101)
Dec 01 16:31:40.115 INFO [stderr] --- stderr
Dec 01 16:31:40.115 INFO [stderr] [1;31mError:[0m [37mPear requires a nightly or dev version of Rust.[0m
Dec 01 16:31:40.115 INFO [stderr] [37mInstalled version is:[0m [33m1.31.0-beta.20 (2018-11-30)[0m. [37mMinimum required:[0m [33m1.31.0-nightly (2018-10-05)[0m.
Dec 01 16:31:40.115 INFO [stderr] thread 'main' panicked at 'Aborting compilation due to incompatible compiler.', /cargo-home/registry/src/github.com-1ecc6299db9ec823/pear_codegen-0.1.0/build.rs:31:13
Dec 01 16:31:40.115 INFO [stderr] stack backtrace:
Dec 01 16:31:40.115 INFO [stderr]    0:     0x555ad88c027f - std::sys::unix::backtrace::tracing::imp::unwind_backtrace::h3a8b83e1922cbdde
Dec 01 16:31:40.115 INFO [stderr]                                at libstd/sys/unix/backtrace/tracing/gcc_s.rs:49
Dec 01 16:31:40.115 INFO [stderr]    1:     0x555ad88cbc57 - std::sys_common::backtrace::print::h00d3155a29b4020f
Dec 01 16:31:40.115 INFO [stderr]                                at libstd/sys_common/backtrace.rs:71
Dec 01 16:31:40.115 INFO [stderr]                                at libstd/sys_common/backtrace.rs:59
Dec 01 16:31:40.115 INFO [stderr]    2:     0x555ad88c4b1f - std::panicking::default_hook::{{closure}}::hd7465c742e79e1bb
Dec 01 16:31:40.115 INFO [stderr]                                at libstd/panicking.rs:211
Dec 01 16:31:40.115 INFO [stderr]    3:     0x555ad88c4884 - std::panicking::default_hook::h9e3966f2aa2a6e12
Dec 01 16:31:40.115 INFO [stderr]                                at libstd/panicking.rs:227
Dec 01 16:31:40.115 INFO [stderr]    4:     0x555ad88c514e - std::panicking::rust_panic_with_hook::h587f091ae747d080
Dec 01 16:31:40.115 INFO [stderr]                                at libstd/panicking.rs:476
Dec 01 16:31:40.115 INFO [stderr]    5:     0x555ad8896cb3 - std::panicking::begin_panic::h8ef5bad2b20a936e
Dec 01 16:31:40.115 INFO [stderr]                                at libstd/panicking.rs:410
Dec 01 16:31:40.115 INFO [stderr]    6:     0x555ad8894d78 - build_script_build::main::h7433a0dd1ba1de20
Dec 01 16:31:40.115 INFO [stderr]                                at /cargo-home/registry/src/github.com-1ecc6299db9ec823/pear_codegen-0.1.0/build.rs:31
Dec 01 16:31:40.115 INFO [stderr]    7:     0x555ad889759f - std::rt::lang_start::{{closure}}::he8c224e7e4b2891b
Dec 01 16:31:40.115 INFO [stderr]                                at libstd/rt.rs:74
Dec 01 16:31:40.115 INFO [stderr]    8:     0x555ad88c4bc2 - std::panicking::try::do_call::h52e7f80ff0fdcc45
Dec 01 16:31:40.115 INFO [stderr]                                at libstd/rt.rs:59
Dec 01 16:31:40.115 INFO [stderr]                                at libstd/panicking.rs:310
Dec 01 16:31:40.115 INFO [stderr]    9:     0x555ad88d6c09 - __rust_maybe_catch_panic
Dec 01 16:31:40.115 INFO [stderr]                                at libpanic_unwind/lib.rs:102
Dec 01 16:31:40.115 INFO [stderr]   10:     0x555ad88b48da - std::rt::lang_start_internal::h38cae898de7f805c
Dec 01 16:31:40.115 INFO [stderr]                                at libstd/panicking.rs:289
Dec 01 16:31:40.115 INFO [stderr]                                at libstd/panic.rs:392
Dec 01 16:31:40.115 INFO [stderr]                                at libstd/rt.rs:58
Dec 01 16:31:40.115 INFO [stderr]   11:     0x555ad8897578 - std::rt::lang_start::h3fec66f0be162b1a
Dec 01 16:31:40.115 INFO [stderr]                                at libstd/rt.rs:74
Dec 01 16:31:40.115 INFO [stderr]   12:     0x555ad8895c49 - main
Dec 01 16:31:40.115 INFO [stderr]   13:     0x7f9c8240d82f - __libc_start_main
Dec 01 16:31:40.115 INFO [stderr]   14:     0x555ad8894658 - _start
Dec 01 16:31:40.115 INFO [stderr]   15:                0x0 - <unknown>
Dec 01 16:31:40.115 INFO [stderr] 
Dec 01 16:31:40.115 INFO [stderr] warning: build failed, waiting for other jobs to finish...
Dec 01 16:32:39.125 INFO [stderr] error: build failed
Dec 01 16:32:39.126 INFO [stderr] su: No module specific data is present
Dec 01 16:32:39.605 INFO running `"docker" "inspect" "e5ca24d29d69c9a732ec3ed712f960a99aeec5be7a63746e64471127ad33762f"`
Dec 01 16:32:39.856 INFO running `"docker" "rm" "-f" "e5ca24d29d69c9a732ec3ed712f960a99aeec5be7a63746e64471127ad33762f"`
Dec 01 16:32:40.042 INFO [stdout] e5ca24d29d69c9a732ec3ed712f960a99aeec5be7a63746e64471127ad33762f
